{"id":9588,"date":"2025-11-12T11:43:51","date_gmt":"2025-11-12T10:43:51","guid":{"rendered":"https:\/\/veynes.fr\/?page_id=9588"},"modified":"2025-11-12T15:54:09","modified_gmt":"2025-11-12T14:54:09","slug":"mos-eco","status":"publish","type":"page","link":"https:\/\/veynes.fr\/?page_id=9588","title":{"rendered":"Interreg France &#8211; Italia ALCOTRA"},"content":{"rendered":"\t\t<div data-elementor-type=\"wp-page\" data-elementor-id=\"9588\" class=\"elementor elementor-9588\">\n\t\t\t\t\t\t<section class=\"elementor-section elementor-top-section elementor-element elementor-element-2023688 elementor-section-boxed elementor-section-height-default elementor-section-height-default\" data-id=\"2023688\" data-element_type=\"section\">\n\t\t\t\t\t\t<div class=\"elementor-container elementor-column-gap-default\">\n\t\t\t\t\t<div class=\"elementor-column elementor-col-100 elementor-top-column elementor-element elementor-element-3745076\" data-id=\"3745076\" data-element_type=\"column\">\n\t\t\t<div class=\"elementor-widget-wrap elementor-element-populated\">\n\t\t\t\t\t\t<div class=\"elementor-element elementor-element-58f393f elementor-widget-divider--view-line elementor-widget elementor-widget-divider\" data-id=\"58f393f\" data-element_type=\"widget\" data-widget_type=\"divider.default\">\n\t\t\t\t<div class=\"elementor-widget-container\">\n\t\t\t\t\t\t\t<div class=\"elementor-divider\">\n\t\t\t<span class=\"elementor-divider-separator\">\n\t\t\t\t\t\t<\/span>\n\t\t<\/div>\n\t\t\t\t\t\t<\/div>\n\t\t\t\t<\/div>\n\t\t\t\t<div class=\"elementor-element elementor-element-7e7c448 elementor-widget elementor-widget-image\" data-id=\"7e7c448\" data-element_type=\"widget\" data-widget_type=\"image.default\">\n\t\t\t\t<div class=\"elementor-widget-container\">\n\t\t\t\t\t\t\t\t\t\t\t\t\t\t\t<img decoding=\"async\" width=\"407\" height=\"106\" src=\"https:\/\/veynes.fr\/wp-content\/uploads\/2025\/11\/LOGO-Alcotra.png\" class=\"attachment-large size-large wp-image-9632\" alt=\"\" srcset=\"https:\/\/veynes.fr\/wp-content\/uploads\/2025\/11\/LOGO-Alcotra.png 407w, https:\/\/veynes.fr\/wp-content\/uploads\/2025\/11\/LOGO-Alcotra-300x78.png 300w\" sizes=\"(max-width: 407px) 100vw, 407px\" \/>\t\t\t\t\t\t\t\t\t\t\t\t\t\t\t<\/div>\n\t\t\t\t<\/div>\n\t\t\t\t<div class=\"elementor-element elementor-element-e056c3d elementor-widget elementor-widget-spacer\" data-id=\"e056c3d\" data-element_type=\"widget\" data-widget_type=\"spacer.default\">\n\t\t\t\t<div class=\"elementor-widget-container\">\n\t\t\t\t\t\t\t<div class=\"elementor-spacer\">\n\t\t\t<div class=\"elementor-spacer-inner\"><\/div>\n\t\t<\/div>\n\t\t\t\t\t\t<\/div>\n\t\t\t\t<\/div>\n\t\t\t\t\t<\/div>\n\t\t<\/div>\n\t\t\t\t\t<\/div>\n\t\t<\/section>\n\t\t\t\t<section class=\"elementor-section elementor-top-section elementor-element elementor-element-61cabda elementor-section-boxed elementor-section-height-default elementor-section-height-default\" data-id=\"61cabda\" data-element_type=\"section\">\n\t\t\t\t\t\t<div class=\"elementor-container elementor-column-gap-default\">\n\t\t\t\t\t<div class=\"elementor-column elementor-col-50 elementor-top-column elementor-element elementor-element-7d04bbb\" data-id=\"7d04bbb\" data-element_type=\"column\">\n\t\t\t<div class=\"elementor-widget-wrap elementor-element-populated\">\n\t\t\t\t\t\t<div class=\"elementor-element elementor-element-22d7cff elementor-widget elementor-widget-heading\" data-id=\"22d7cff\" data-element_type=\"widget\" data-widget_type=\"heading.default\">\n\t\t\t\t<div class=\"elementor-widget-container\">\n\t\t\t\t\t<h2 class=\"elementor-heading-title elementor-size-default\">Projet MOS.ECO - Mosa\u00efque \u00e9cologique<\/h2>\t\t\t\t<\/div>\n\t\t\t\t<\/div>\n\t\t\t\t<div class=\"elementor-element elementor-element-a23278b elementor-widget elementor-widget-text-editor\" data-id=\"a23278b\" data-element_type=\"widget\" data-widget_type=\"text-editor.default\">\n\t\t\t\t<div class=\"elementor-widget-container\">\n\t\t\t\t\t\t\t\t\t<p data-start=\"209\" data-end=\"532\">Le projet transfrontalier <strong data-start=\"235\" data-end=\"246\">MOS.ECO<\/strong> vise \u00e0 pr\u00e9server la biodiversit\u00e9 en milieu urbain. \u00c0 Veynes, il se concentre sur la <strong data-start=\"331\" data-end=\"369\">r\u00e9habilitation des espaces urbains<\/strong> avec la participation des citoyens. En partenariat avec la commune de Dronero, l\u2019Universit\u00e9 de Turin et le C.A.U.E. 05, le projet s&#8217;articule autour de trois axes principaux :<\/p><ul data-start=\"533\" data-end=\"823\"><li data-start=\"533\" data-end=\"607\"><p data-start=\"535\" data-end=\"607\"><strong data-start=\"535\" data-end=\"561\">Recherche scientifique<\/strong> pour mieux comprendre le patrimoine naturel<\/p><\/li><li data-start=\"608\" data-end=\"731\"><p data-start=\"610\" data-end=\"731\"><strong data-start=\"610\" data-end=\"643\">Sensibilisation des habitants<\/strong> via des actions participatives comme les <strong data-start=\"685\" data-end=\"697\">Bioblitz<\/strong> et les <strong data-start=\"705\" data-end=\"729\">kits de biodiversit\u00e9<\/strong><\/p><\/li><li data-start=\"732\" data-end=\"823\"><p data-start=\"734\" data-end=\"823\"><strong data-start=\"734\" data-end=\"777\">Renforcement des infrastructures vertes<\/strong> pour cr\u00e9er une mosa\u00efque \u00e9cologique coh\u00e9rente.<\/p><\/li><\/ul>\t\t\t\t\t\t\t\t<\/div>\n\t\t\t\t<\/div>\n\t\t\t\t<div class=\"elementor-element elementor-element-82f7521 elementor-button-info elementor-align-center elementor-widget elementor-widget-button\" data-id=\"82f7521\" data-element_type=\"widget\" data-widget_type=\"button.default\">\n\t\t\t\t<div class=\"elementor-widget-container\">\n\t\t\t\t\t\t\t\t\t<div class=\"elementor-button-wrapper\">\n\t\t\t\t\t<a class=\"elementor-button elementor-button-link elementor-size-sm\" href=\"https:\/\/interreg-alcotra.eu\/fr\/moseco-mosaique-ecologique\" target=\"_blank\">\n\t\t\t\t\t\t<span class=\"elementor-button-content-wrapper\">\n\t\t\t\t\t\t<span class=\"elementor-button-icon\">\n\t\t\t\t<i aria-hidden=\"true\" class=\"far fa-compass\"><\/i>\t\t\t<\/span>\n\t\t\t\t\t\t\t\t\t<span class=\"elementor-button-text\">En savoir plus <\/span>\n\t\t\t\t\t<\/span>\n\t\t\t\t\t<\/a>\n\t\t\t\t<\/div>\n\t\t\t\t\t\t\t\t<\/div>\n\t\t\t\t<\/div>\n\t\t\t\t\t<\/div>\n\t\t<\/div>\n\t\t\t\t<div class=\"elementor-column elementor-col-50 elementor-top-column elementor-element elementor-element-a1f385d\" data-id=\"a1f385d\" data-element_type=\"column\">\n\t\t\t<div class=\"elementor-widget-wrap elementor-element-populated\">\n\t\t\t\t\t\t<div class=\"elementor-element elementor-element-20d4d88 elementor-widget elementor-widget-heading\" data-id=\"20d4d88\" data-element_type=\"widget\" data-widget_type=\"heading.default\">\n\t\t\t\t<div class=\"elementor-widget-container\">\n\t\t\t\t\t<h2 class=\"elementor-heading-title elementor-size-default\">Progetto MOS.ECO - Mosaico ecologico<\/h2>\t\t\t\t<\/div>\n\t\t\t\t<\/div>\n\t\t\t\t<div class=\"elementor-element elementor-element-324e25e elementor-widget elementor-widget-text-editor\" data-id=\"324e25e\" data-element_type=\"widget\" data-widget_type=\"text-editor.default\">\n\t\t\t\t<div class=\"elementor-widget-container\">\n\t\t\t\t\t\t\t\t\t<p data-start=\"108\" data-end=\"440\">Il progetto transfrontaliero <strong data-start=\"137\" data-end=\"148\">MOS.ECO<\/strong> mira a preservare la biodiversit\u00e0 negli spazi urbani. A Veynes, si concentra sulla <strong data-start=\"232\" data-end=\"269\">riabilitazione degli spazi urbani<\/strong> con la partecipazione attiva dei cittadini. In collaborazione con la comune di Dronero, l&#8217;Universit\u00e0 di Torino e il C.A.U.E. 05, il progetto si sviluppa attorno a tre assi principali:<\/p><ul data-start=\"442\" data-end=\"725\"><li data-start=\"442\" data-end=\"515\"><p data-start=\"444\" data-end=\"515\"><strong data-start=\"444\" data-end=\"467\">Ricerca scientifica<\/strong> per comprendere meglio il patrimonio naturale<\/p><\/li><li data-start=\"516\" data-end=\"635\"><p data-start=\"518\" data-end=\"635\"><strong data-start=\"518\" data-end=\"553\">Sensibilizzazione dei cittadini<\/strong> attraverso azioni partecipative come i <strong data-start=\"593\" data-end=\"605\">Bioblitz<\/strong> e i <strong data-start=\"610\" data-end=\"633\">kit di biodiversit\u00e0<\/strong><\/p><\/li><li data-start=\"636\" data-end=\"725\"><p data-start=\"638\" data-end=\"725\"><strong data-start=\"638\" data-end=\"682\">Rafforzamento delle infrastrutture verdi<\/strong> per creare una mosaico ecologico coerente.<\/p><\/li><\/ul><div>\u00a0<\/div>\t\t\t\t\t\t\t\t<\/div>\n\t\t\t\t<\/div>\n\t\t\t\t<div class=\"elementor-element elementor-element-12c0b0c elementor-button-info elementor-align-center elementor-widget elementor-widget-button\" data-id=\"12c0b0c\" data-element_type=\"widget\" data-widget_type=\"button.default\">\n\t\t\t\t<div class=\"elementor-widget-container\">\n\t\t\t\t\t\t\t\t\t<div class=\"elementor-button-wrapper\">\n\t\t\t\t\t<a class=\"elementor-button elementor-button-link elementor-size-sm\" href=\"https:\/\/interreg-alcotra.eu\/it\/moseco-mosaico-ecologico\">\n\t\t\t\t\t\t<span class=\"elementor-button-content-wrapper\">\n\t\t\t\t\t\t<span class=\"elementor-button-icon\">\n\t\t\t\t<i aria-hidden=\"true\" class=\"far fa-compass\"><\/i>\t\t\t<\/span>\n\t\t\t\t\t\t\t\t\t<span class=\"elementor-button-text\">Scopri di pi\u00f9<\/span>\n\t\t\t\t\t<\/span>\n\t\t\t\t\t<\/a>\n\t\t\t\t<\/div>\n\t\t\t\t\t\t\t\t<\/div>\n\t\t\t\t<\/div>\n\t\t\t\t\t<\/div>\n\t\t<\/div>\n\t\t\t\t\t<\/div>\n\t\t<\/section>\n\t\t\t\t<\/div>\n\t\t","protected":false},"excerpt":{"rendered":"<p>Projet MOS.ECO &#8211; Mosa\u00efque \u00e9cologique Le projet transfrontalier MOS.ECO vise \u00e0 pr\u00e9server la biodiversit\u00e9 en milieu urbain. \u00c0 Veynes, il&hellip;<\/p>\n","protected":false},"author":6,"featured_media":0,"parent":0,"menu_order":0,"comment_status":"closed","ping_status":"closed","template":"","meta":{"footnotes":""},"class_list":["post-9588","page","type-page","status-publish","hentry"],"_links":{"self":[{"href":"https:\/\/veynes.fr\/index.php?rest_route=\/wp\/v2\/pages\/9588","targetHints":{"allow":["GET"]}}],"collection":[{"href":"https:\/\/veynes.fr\/index.php?rest_route=\/wp\/v2\/pages"}],"about":[{"href":"https:\/\/veynes.fr\/index.php?rest_route=\/wp\/v2\/types\/page"}],"author":[{"embeddable":true,"href":"https:\/\/veynes.fr\/index.php?rest_route=\/wp\/v2\/users\/6"}],"replies":[{"embeddable":true,"href":"https:\/\/veynes.fr\/index.php?rest_route=%2Fwp%2Fv2%2Fcomments&post=9588"}],"version-history":[{"count":34,"href":"https:\/\/veynes.fr\/index.php?rest_route=\/wp\/v2\/pages\/9588\/revisions"}],"predecessor-version":[{"id":9644,"href":"https:\/\/veynes.fr\/index.php?rest_route=\/wp\/v2\/pages\/9588\/revisions\/9644"}],"wp:attachment":[{"href":"https:\/\/veynes.fr\/index.php?rest_route=%2Fwp%2Fv2%2Fmedia&parent=9588"}],"curies":[{"name":"wp","href":"https:\/\/api.w.org\/{rel}","templated":true}]}}