{"id":2367,"date":"2022-02-03T10:33:06","date_gmt":"2022-02-03T10:33:06","guid":{"rendered":"https:\/\/veynes.fr\/?page_id=2367"},"modified":"2026-02-11T15:50:20","modified_gmt":"2026-02-11T14:50:20","slug":"cinema-les-varietes","status":"publish","type":"page","link":"https:\/\/veynes.fr\/?page_id=2367","title":{"rendered":"Cin\u00e9ma &#8220;Les Vari\u00e9t\u00e9s&#8221; de Veynes"},"content":{"rendered":"\t\t<div data-elementor-type=\"wp-page\" data-elementor-id=\"2367\" class=\"elementor elementor-2367\">\n\t\t\t\t\t\t<section class=\"elementor-section elementor-top-section elementor-element elementor-element-56d5240 elementor-section-boxed elementor-section-height-default elementor-section-height-default\" data-id=\"56d5240\" data-element_type=\"section\">\n\t\t\t\t\t\t<div class=\"elementor-container elementor-column-gap-default\">\n\t\t\t\t\t<div class=\"elementor-column elementor-col-100 elementor-top-column elementor-element elementor-element-bdb4a01\" data-id=\"bdb4a01\" data-element_type=\"column\">\n\t\t\t<div class=\"elementor-widget-wrap elementor-element-populated\">\n\t\t\t\t\t\t<div class=\"elementor-element elementor-element-aa74b6c elementor-widget elementor-widget-html\" data-id=\"aa74b6c\" data-element_type=\"widget\" data-widget_type=\"html.default\">\n\t\t\t\t<div class=\"elementor-widget-container\">\n\t\t\t\t\t<style>\nselect {\n    border: 0px;\n    border-radius: 8px;\n    color: #ffffff;\n    background-color: #00AFF2;\n}\n\noption {\n    padding: 0px;\n    border: 0px;\n    border-radius: 8px;\n    color: #ffffff;\n    background-color: #00AFF2;\n}\n\n[popover]:popover-open {\n  opacity: 1;\n  transform: scaleX(1);\n}\n\n[popover] {\n  font-size: 1.8rem;\n  padding: 10px;\n  \n  \/\/display: flex;\n  align-items: center;\n  justify-content: center;\n  border-radius: 10px;\n\n  opacity: 0;\n  transform: scaleX(0);\n\n  transition:\n    opacity 0.2s,\n    transform 0.2s,\n    overlay 0.2s allow-discrete,\n    display 0.2s allow-discrete;\n}\n\n.popDiv::-webkit-scrollbar {\n  width: 6px;\n  border: 5px solid transparent;\n}\n\n.popDiv::-webkit-scrollbar-thumb:hover {\n  border: 1px solid white;\n}\n\n.popDiv::-webkit-scrollbar-thumb {\n  background: #55555555;\n  border: 2px solid white;\n  border-radius: 10px;\n}\n\n.popDiv::-webkit-scrollbar-track {\n  background: transparent;\n  border-radius: 5px;\n}\n\n.popDiv::-webkit-scrollbar-track-piece:end {\n  margin-bottom: 20px;\n  background: transparent;\n}\n\n.popDiv::-webkit-scrollbar-track-piece:start {\n  margin-top: 20px;\n  background: transparent;\n}\n\n@starting-style {\n  [popover]:popover-open {\n    opacity: 0;\n    transform: scaleX(0);\n  }\n}\n\n[popover]::backdrop {\n  background-color: rgb(0 0 0 \/ 0%);\n  pointer-events: none;\n  transition:\n    display 0.2s allow-discrete,\n    overlay 0.2s allow-discrete,\n    background-color 0.2s;\n}\n\n[popover]:popover-open::backdrop {\n  background-color: rgb(0 0 0 \/ 25%);\n  backdrop-filter: blur(2px);\n}\n\n@starting-style {\n  [popover]:popover-open::backdrop {\n    background-color: rgb(0 0 0 \/ 0%);\n    backdrop-filter: blur(0px);\n  }\n}\n\nIMG.poster {\n    display: block;\n    margin-left: auto;\n    margin-right: auto }\n\n<\/style>\t\t\t\t<\/div>\n\t\t\t\t<\/div>\n\t\t\t\t\t<\/div>\n\t\t<\/div>\n\t\t\t\t\t<\/div>\n\t\t<\/section>\n\t\t\t\t<section class=\"elementor-section elementor-top-section elementor-element elementor-element-b9e6e5a elementor-section-boxed elementor-section-height-default elementor-section-height-default\" data-id=\"b9e6e5a\" data-element_type=\"section\">\n\t\t\t\t\t\t<div class=\"elementor-container elementor-column-gap-default\">\n\t\t\t\t\t<div class=\"elementor-column elementor-col-100 elementor-top-column elementor-element elementor-element-2955f37\" data-id=\"2955f37\" data-element_type=\"column\">\n\t\t\t<div class=\"elementor-widget-wrap elementor-element-populated\">\n\t\t\t\t\t\t<div class=\"elementor-element elementor-element-d6403c1 elementor-widget elementor-widget-image\" data-id=\"d6403c1\" data-element_type=\"widget\" data-widget_type=\"image.default\">\n\t\t\t\t<div class=\"elementor-widget-container\">\n\t\t\t\t\t\t\t\t\t\t\t\t\t\t\t<img decoding=\"async\" width=\"300\" height=\"50\" src=\"https:\/\/veynes.fr\/wp-content\/uploads\/2022\/02\/BoutonCINE_Programme.png\" class=\"attachment-large size-large wp-image-2376\" alt=\"Programme du cin\u00e9ma de Veynes : &quot;Les Vari\u00e9t\u00e9s&quot;\" \/>\t\t\t\t\t\t\t\t\t\t\t\t\t\t\t<\/div>\n\t\t\t\t<\/div>\n\t\t\t\t\t<\/div>\n\t\t<\/div>\n\t\t\t\t\t<\/div>\n\t\t<\/section>\n\t\t\t\t<section class=\"elementor-section elementor-top-section elementor-element elementor-element-21c765b elementor-section-boxed elementor-section-height-default elementor-section-height-default\" data-id=\"21c765b\" data-element_type=\"section\">\n\t\t\t\t\t\t<div class=\"elementor-container elementor-column-gap-default\">\n\t\t\t\t\t<div class=\"elementor-column elementor-col-100 elementor-top-column elementor-element elementor-element-7722a08\" data-id=\"7722a08\" data-element_type=\"column\">\n\t\t\t<div class=\"elementor-widget-wrap elementor-element-populated\">\n\t\t\t\t\t\t<div class=\"elementor-element elementor-element-45dc50e elementor-widget elementor-widget-html\" data-id=\"45dc50e\" data-element_type=\"widget\" data-widget_type=\"html.default\">\n\t\t\t\t<div class=\"elementor-widget-container\">\n\t\t\t\t\t<style>\n\n    .CineGrid {\n        text-align: center;\n        border-collapse: separate;\n        line-height: 1.2;\n        \n        tr, th, td {\n            padding: 0px;\n            border-radius: 10px;\n        }\n        \n        .r1 {\n            td {border: 5px solid #F69DBB;}\n        \n            .cd {\n                background-color: #F69DBB25;\n            }\n        \n            .Shows {\n                table-layout: fixed;\n                td {border: 0px;}\n                .c1 {\n                    border-radius: 6px;\n                    background-color: #F69DBB25;\n                }\n                .c2 {\n                    border-radius: 6px;\n                    background-color: #C76AC325;\n                }\n            }\n        }\n        \n        .r2 {\n            td {border: 5px solid #C76AC3;}\n        \n            .cd {\n                background-color: #C76AC325;\n            }\n        \n            .Shows {\n                table-layout: fixed;\n                td {border: 0px;}\n                .c1 {\n                    border-radius: 6px;\n                    background-color: #C76AC325;\n                }\n                .c2 {\n                    border-radius: 6px;\n                    background-color: #F69DBB25;\n                }\n            }\n        }\n    }\n\n<\/style>\n\n<table class=\"CineGrid\" id=\"CineGrid\">\n    <tr>\n        <th width=100>date<\/th>\n        <th>s\u00e9ances<\/th>\n    <\/tr>\n<\/table>\n<br>\n<div style='text-align: center'>\n    AE : Film Art et Essai -- VOST : Version Originale Sous-Titr\u00e9e\n<\/div>\n<div style='text-align: center'>\n    Vous pouvez retrouver le programme du cin\u00e9ma sur l'application mobile <b>Panneau Pocket<\/b>\n<\/div>\n<div style='text-align: center'>\n    <h4>Tarifs<\/h4>\n    Plein : 5.50\u20ac<br>\n    R\u00e9duit : 3.50\u20ac (-18 ans, ch\u00f4meurs, \u00e9tudiants, +70 ans, personnes handicap\u00e9es)<br>\n    Carte de 10 places : 50.00\u20ac<br>\n    Majoration 3D : 1.00\u20ac\n<\/div>\n<br>\n<table class=\"PosterGrid\" id=\"PosterGrid\" style='table-layout: fixed;'>\n<\/table>\n\n<script src='wp-content\/plugins\/Booking_App\/Cinema_program.js'><\/script>\t\t\t\t<\/div>\n\t\t\t\t<\/div>\n\t\t\t\t\t<\/div>\n\t\t<\/div>\n\t\t\t\t\t<\/div>\n\t\t<\/section>\n\t\t\t\t<\/div>\n\t\t","protected":false},"excerpt":{"rendered":"<p>date s\u00e9ances AE : Film Art et Essai &#8212; VOST : Version Originale Sous-Titr\u00e9e Vous pouvez retrouver le programme du&hellip;<\/p>\n","protected":false},"author":6,"featured_media":0,"parent":2081,"menu_order":0,"comment_status":"closed","ping_status":"closed","template":"","meta":{"footnotes":""},"class_list":["post-2367","page","type-page","status-publish","hentry"],"_links":{"self":[{"href":"https:\/\/veynes.fr\/index.php?rest_route=\/wp\/v2\/pages\/2367","targetHints":{"allow":["GET"]}}],"collection":[{"href":"https:\/\/veynes.fr\/index.php?rest_route=\/wp\/v2\/pages"}],"about":[{"href":"https:\/\/veynes.fr\/index.php?rest_route=\/wp\/v2\/types\/page"}],"author":[{"embeddable":true,"href":"https:\/\/veynes.fr\/index.php?rest_route=\/wp\/v2\/users\/6"}],"replies":[{"embeddable":true,"href":"https:\/\/veynes.fr\/index.php?rest_route=%2Fwp%2Fv2%2Fcomments&post=2367"}],"version-history":[{"count":348,"href":"https:\/\/veynes.fr\/index.php?rest_route=\/wp\/v2\/pages\/2367\/revisions"}],"predecessor-version":[{"id":9944,"href":"https:\/\/veynes.fr\/index.php?rest_route=\/wp\/v2\/pages\/2367\/revisions\/9944"}],"up":[{"embeddable":true,"href":"https:\/\/veynes.fr\/index.php?rest_route=\/wp\/v2\/pages\/2081"}],"wp:attachment":[{"href":"https:\/\/veynes.fr\/index.php?rest_route=%2Fwp%2Fv2%2Fmedia&parent=2367"}],"curies":[{"name":"wp","href":"https:\/\/api.w.org\/{rel}","templated":true}]}}