{"id":1234,"date":"2021-07-17T09:30:32","date_gmt":"2021-07-17T09:30:32","guid":{"rendered":"https:\/\/veynes.fr\/?page_id=1234"},"modified":"2025-11-12T15:20:52","modified_gmt":"2025-11-12T14:20:52","slug":"accueil","status":"publish","type":"page","link":"https:\/\/veynes.fr\/","title":{"rendered":"Accueil"},"content":{"rendered":"\t\t<div data-elementor-type=\"wp-post\" data-elementor-id=\"1234\" class=\"elementor elementor-1234\">\n\t\t\t\t\t\t<section class=\"elementor-section elementor-top-section elementor-element elementor-element-2d12999 elementor-section-boxed elementor-section-height-default elementor-section-height-default\" data-id=\"2d12999\" data-element_type=\"section\">\n\t\t\t\t\t\t<div class=\"elementor-container elementor-column-gap-default\">\n\t\t\t\t\t<div class=\"elementor-column elementor-col-100 elementor-top-column elementor-element elementor-element-540932d\" data-id=\"540932d\" data-element_type=\"column\">\n\t\t\t<div class=\"elementor-widget-wrap elementor-element-populated\">\n\t\t\t\t\t\t<section class=\"elementor-section elementor-inner-section elementor-element elementor-element-677e475 elementor-section-boxed elementor-section-height-default elementor-section-height-default\" data-id=\"677e475\" data-element_type=\"section\">\n\t\t\t\t\t\t<div class=\"elementor-container elementor-column-gap-default\">\n\t\t\t\t\t<div class=\"elementor-column elementor-col-100 elementor-inner-column elementor-element elementor-element-de58488\" data-id=\"de58488\" data-element_type=\"column\">\n\t\t\t<div class=\"elementor-widget-wrap elementor-element-populated\">\n\t\t\t\t\t\t<div class=\"elementor-element elementor-element-43e0193 elementor-widget-divider--view-line elementor-invisible elementor-widget elementor-widget-divider\" data-id=\"43e0193\" data-element_type=\"widget\" data-settings=\"{&quot;_animation&quot;:&quot;slideInLeft&quot;}\" data-widget_type=\"divider.default\">\n\t\t\t\t<div class=\"elementor-widget-container\">\n\t\t\t\t\t\t\t<div class=\"elementor-divider\">\n\t\t\t<span class=\"elementor-divider-separator\">\n\t\t\t\t\t\t<\/span>\n\t\t<\/div>\n\t\t\t\t\t\t<\/div>\n\t\t\t\t<\/div>\n\t\t\t\t\t<\/div>\n\t\t<\/div>\n\t\t\t\t\t<\/div>\n\t\t<\/section>\n\t\t\t\t<section class=\"elementor-section elementor-inner-section elementor-element elementor-element-7f94adb elementor-section-boxed elementor-section-height-default elementor-section-height-default\" data-id=\"7f94adb\" data-element_type=\"section\">\n\t\t\t\t\t\t<div class=\"elementor-container elementor-column-gap-default\">\n\t\t\t\t\t<div class=\"elementor-column elementor-col-50 elementor-inner-column elementor-element elementor-element-bd37062\" data-id=\"bd37062\" data-element_type=\"column\">\n\t\t\t<div class=\"elementor-widget-wrap elementor-element-populated\">\n\t\t\t\t\t\t<div class=\"elementor-element elementor-element-8c6dca4 elementor-invisible elementor-widget elementor-widget-image\" data-id=\"8c6dca4\" data-element_type=\"widget\" data-settings=\"{&quot;_animation&quot;:&quot;slideInLeft&quot;}\" data-widget_type=\"image.default\">\n\t\t\t\t<div class=\"elementor-widget-container\">\n\t\t\t\t\t\t\t\t\t\t\t\t\t\t\t\t<a href=\"https:\/\/veynes.fr\/?page_id=667\">\n\t\t\t\t\t\t\t<img fetchpriority=\"high\" decoding=\"async\" width=\"400\" height=\"180\" src=\"https:\/\/veynes.fr\/wp-content\/uploads\/2021\/07\/ImageBoutonActu-1.png\" class=\"elementor-animation-grow attachment-large size-large wp-image-1302\" alt=\"\" srcset=\"https:\/\/veynes.fr\/wp-content\/uploads\/2021\/07\/ImageBoutonActu-1.png 400w, https:\/\/veynes.fr\/wp-content\/uploads\/2021\/07\/ImageBoutonActu-1-300x135.png 300w\" sizes=\"(max-width: 400px) 100vw, 400px\" \/>\t\t\t\t\t\t\t\t<\/a>\n\t\t\t\t\t\t\t\t\t\t\t\t\t\t\t<\/div>\n\t\t\t\t<\/div>\n\t\t\t\t<div class=\"elementor-element elementor-element-e0dbefd elementor-invisible elementor-widget elementor-widget-image\" data-id=\"e0dbefd\" data-element_type=\"widget\" data-settings=\"{&quot;_animation&quot;:&quot;slideInLeft&quot;}\" data-widget_type=\"image.default\">\n\t\t\t\t<div class=\"elementor-widget-container\">\n\t\t\t\t\t\t\t\t\t\t\t\t\t\t\t\t<a href=\"https:\/\/veynes.fr\/?page_id=9201\">\n\t\t\t\t\t\t\t<img decoding=\"async\" width=\"400\" height=\"180\" src=\"https:\/\/veynes.fr\/wp-content\/uploads\/2021\/07\/ImageBoutonDemarches.png\" class=\"elementor-animation-grow attachment-large size-large wp-image-1326\" alt=\"Demarches administratives\" srcset=\"https:\/\/veynes.fr\/wp-content\/uploads\/2021\/07\/ImageBoutonDemarches.png 400w, https:\/\/veynes.fr\/wp-content\/uploads\/2021\/07\/ImageBoutonDemarches-300x135.png 300w\" sizes=\"(max-width: 400px) 100vw, 400px\" \/>\t\t\t\t\t\t\t\t<\/a>\n\t\t\t\t\t\t\t\t\t\t\t\t\t\t\t<\/div>\n\t\t\t\t<\/div>\n\t\t\t\t<div class=\"elementor-element elementor-element-6fc3b20 elementor-invisible elementor-widget elementor-widget-image\" data-id=\"6fc3b20\" data-element_type=\"widget\" data-settings=\"{&quot;_animation&quot;:&quot;slideInLeft&quot;}\" data-widget_type=\"image.default\">\n\t\t\t\t<div class=\"elementor-widget-container\">\n\t\t\t\t\t\t\t\t\t\t\t\t\t\t\t\t<a href=\"https:\/\/veynes.fr\/?post_type=tribe_events\">\n\t\t\t\t\t\t\t<img decoding=\"async\" width=\"400\" height=\"180\" src=\"https:\/\/veynes.fr\/wp-content\/uploads\/2025\/04\/ImageBoutonEvenements.png\" class=\"elementor-animation-grow attachment-large size-large wp-image-8280\" alt=\"\" srcset=\"https:\/\/veynes.fr\/wp-content\/uploads\/2025\/04\/ImageBoutonEvenements.png 400w, https:\/\/veynes.fr\/wp-content\/uploads\/2025\/04\/ImageBoutonEvenements-300x135.png 300w\" sizes=\"(max-width: 400px) 100vw, 400px\" \/>\t\t\t\t\t\t\t\t<\/a>\n\t\t\t\t\t\t\t\t\t\t\t\t\t\t\t<\/div>\n\t\t\t\t<\/div>\n\t\t\t\t\t<\/div>\n\t\t<\/div>\n\t\t\t\t<div class=\"elementor-column elementor-col-50 elementor-inner-column elementor-element elementor-element-e916bda\" data-id=\"e916bda\" data-element_type=\"column\">\n\t\t\t<div class=\"elementor-widget-wrap elementor-element-populated\">\n\t\t\t\t\t\t<div class=\"elementor-element elementor-element-5ea1560 elementor-invisible elementor-widget elementor-widget-image\" data-id=\"5ea1560\" data-element_type=\"widget\" data-settings=\"{&quot;_animation&quot;:&quot;slideInRight&quot;}\" data-widget_type=\"image.default\">\n\t\t\t\t<div class=\"elementor-widget-container\">\n\t\t\t\t\t\t\t\t\t\t\t\t\t\t\t\t<a href=\"https:\/\/veynes.fr\/?page_id=8802\">\n\t\t\t\t\t\t\t<img loading=\"lazy\" decoding=\"async\" width=\"400\" height=\"180\" src=\"https:\/\/veynes.fr\/wp-content\/uploads\/2021\/07\/ImageBoutonVieMunicip-1.png\" class=\"elementor-animation-grow attachment-large size-large wp-image-1305\" alt=\"\" srcset=\"https:\/\/veynes.fr\/wp-content\/uploads\/2021\/07\/ImageBoutonVieMunicip-1.png 400w, https:\/\/veynes.fr\/wp-content\/uploads\/2021\/07\/ImageBoutonVieMunicip-1-300x135.png 300w\" sizes=\"(max-width: 400px) 100vw, 400px\" \/>\t\t\t\t\t\t\t\t<\/a>\n\t\t\t\t\t\t\t\t\t\t\t\t\t\t\t<\/div>\n\t\t\t\t<\/div>\n\t\t\t\t<div class=\"elementor-element elementor-element-a7c9c87 elementor-invisible elementor-widget elementor-widget-image\" data-id=\"a7c9c87\" data-element_type=\"widget\" data-settings=\"{&quot;_animation&quot;:&quot;slideInRight&quot;}\" data-widget_type=\"image.default\">\n\t\t\t\t<div class=\"elementor-widget-container\">\n\t\t\t\t\t\t\t\t\t\t\t\t\t\t\t\t<a href=\"https:\/\/veynes.fr\/?page_id=2081\">\n\t\t\t\t\t\t\t<img loading=\"lazy\" decoding=\"async\" width=\"400\" height=\"180\" src=\"https:\/\/veynes.fr\/wp-content\/uploads\/2021\/07\/ImageBoutonPoleCulturel.png\" class=\"elementor-animation-grow attachment-large size-large wp-image-1325\" alt=\"Le Quai des Arts\" srcset=\"https:\/\/veynes.fr\/wp-content\/uploads\/2021\/07\/ImageBoutonPoleCulturel.png 400w, https:\/\/veynes.fr\/wp-content\/uploads\/2021\/07\/ImageBoutonPoleCulturel-300x135.png 300w\" sizes=\"(max-width: 400px) 100vw, 400px\" \/>\t\t\t\t\t\t\t\t<\/a>\n\t\t\t\t\t\t\t\t\t\t\t\t\t\t\t<\/div>\n\t\t\t\t<\/div>\n\t\t\t\t<div class=\"elementor-element elementor-element-c8a55d7 elementor-invisible elementor-widget elementor-widget-image\" data-id=\"c8a55d7\" data-element_type=\"widget\" data-settings=\"{&quot;_animation&quot;:&quot;slideInRight&quot;}\" data-widget_type=\"image.default\">\n\t\t\t\t<div class=\"elementor-widget-container\">\n\t\t\t\t\t\t\t\t\t\t\t\t\t\t\t\t<a href=\"https:\/\/veynes.fr\/?page_id=125\">\n\t\t\t\t\t\t\t<img loading=\"lazy\" decoding=\"async\" width=\"400\" height=\"180\" src=\"https:\/\/veynes.fr\/wp-content\/uploads\/2021\/07\/ImageBoutonVosServices.png\" class=\"elementor-animation-grow attachment-large size-large wp-image-1327\" alt=\"Vos services municipaux\" srcset=\"https:\/\/veynes.fr\/wp-content\/uploads\/2021\/07\/ImageBoutonVosServices.png 400w, https:\/\/veynes.fr\/wp-content\/uploads\/2021\/07\/ImageBoutonVosServices-300x135.png 300w\" sizes=\"(max-width: 400px) 100vw, 400px\" \/>\t\t\t\t\t\t\t\t<\/a>\n\t\t\t\t\t\t\t\t\t\t\t\t\t\t\t<\/div>\n\t\t\t\t<\/div>\n\t\t\t\t\t<\/div>\n\t\t<\/div>\n\t\t\t\t\t<\/div>\n\t\t<\/section>\n\t\t\t\t<section class=\"elementor-section elementor-inner-section elementor-element elementor-element-703b30b elementor-section-boxed elementor-section-height-default elementor-section-height-default\" data-id=\"703b30b\" data-element_type=\"section\">\n\t\t\t\t\t\t<div class=\"elementor-container elementor-column-gap-default\">\n\t\t\t\t\t<div class=\"elementor-column elementor-col-50 elementor-inner-column elementor-element elementor-element-69be283\" data-id=\"69be283\" data-element_type=\"column\">\n\t\t\t<div class=\"elementor-widget-wrap elementor-element-populated\">\n\t\t\t\t\t\t<div class=\"elementor-element elementor-element-9e9abec elementor-invisible elementor-widget elementor-widget-image\" data-id=\"9e9abec\" data-element_type=\"widget\" data-settings=\"{&quot;_animation&quot;:&quot;slideInLeft&quot;}\" data-widget_type=\"image.default\">\n\t\t\t\t<div class=\"elementor-widget-container\">\n\t\t\t\t\t\t\t\t\t\t\t\t\t\t\t\t<a href=\"https:\/\/veynes.fr\/?page_id=9588\">\n\t\t\t\t\t\t\t<img loading=\"lazy\" decoding=\"async\" width=\"400\" height=\"180\" src=\"https:\/\/veynes.fr\/wp-content\/uploads\/2025\/11\/ImageBoutonMOSECO.png\" class=\"elementor-animation-grow attachment-large size-large wp-image-9614\" alt=\"\" srcset=\"https:\/\/veynes.fr\/wp-content\/uploads\/2025\/11\/ImageBoutonMOSECO.png 400w, https:\/\/veynes.fr\/wp-content\/uploads\/2025\/11\/ImageBoutonMOSECO-300x135.png 300w\" sizes=\"(max-width: 400px) 100vw, 400px\" \/>\t\t\t\t\t\t\t\t<\/a>\n\t\t\t\t\t\t\t\t\t\t\t\t\t\t\t<\/div>\n\t\t\t\t<\/div>\n\t\t\t\t\t<\/div>\n\t\t<\/div>\n\t\t\t\t<div class=\"elementor-column elementor-col-50 elementor-inner-column elementor-element elementor-element-56147a7\" data-id=\"56147a7\" data-element_type=\"column\">\n\t\t\t<div class=\"elementor-widget-wrap\">\n\t\t\t\t\t\t\t<\/div>\n\t\t<\/div>\n\t\t\t\t\t<\/div>\n\t\t<\/section>\n\t\t\t\t<div class=\"elementor-element elementor-element-fa9bc18 elementor-invisible elementor-widget elementor-widget-image\" data-id=\"fa9bc18\" data-element_type=\"widget\" data-settings=\"{&quot;_animation&quot;:&quot;slideInUp&quot;}\" data-widget_type=\"image.default\">\n\t\t\t\t<div class=\"elementor-widget-container\">\n\t\t\t\t\t\t\t\t\t\t\t\t\t\t\t\t<a href=\"https:\/\/veynes.fr\/?page_id=1330\">\n\t\t\t\t\t\t\t<img loading=\"lazy\" decoding=\"async\" width=\"750\" height=\"188\" src=\"https:\/\/veynes.fr\/wp-content\/uploads\/2021\/07\/ImageBoutonDecouvrirVeynes2.png\" class=\"elementor-animation-grow attachment-large size-large wp-image-1329\" alt=\"\" srcset=\"https:\/\/veynes.fr\/wp-content\/uploads\/2021\/07\/ImageBoutonDecouvrirVeynes2.png 800w, https:\/\/veynes.fr\/wp-content\/uploads\/2021\/07\/ImageBoutonDecouvrirVeynes2-300x75.png 300w, https:\/\/veynes.fr\/wp-content\/uploads\/2021\/07\/ImageBoutonDecouvrirVeynes2-768x192.png 768w\" sizes=\"(max-width: 750px) 100vw, 750px\" \/>\t\t\t\t\t\t\t\t<\/a>\n\t\t\t\t\t\t\t\t\t\t\t\t\t\t\t<\/div>\n\t\t\t\t<\/div>\n\t\t\t\t<div class=\"elementor-element elementor-element-f83d51f elementor-widget-divider--view-line elementor-invisible elementor-widget elementor-widget-divider\" data-id=\"f83d51f\" data-element_type=\"widget\" data-settings=\"{&quot;_animation&quot;:&quot;slideInLeft&quot;}\" data-widget_type=\"divider.default\">\n\t\t\t\t<div class=\"elementor-widget-container\">\n\t\t\t\t\t\t\t<div class=\"elementor-divider\">\n\t\t\t<span class=\"elementor-divider-separator\">\n\t\t\t\t\t\t<\/span>\n\t\t<\/div>\n\t\t\t\t\t\t<\/div>\n\t\t\t\t<\/div>\n\t\t\t\t<section class=\"elementor-section elementor-inner-section elementor-element elementor-element-924314f elementor-section-boxed elementor-section-height-default elementor-section-height-default\" data-id=\"924314f\" data-element_type=\"section\">\n\t\t\t\t\t\t<div class=\"elementor-container elementor-column-gap-default\">\n\t\t\t\t\t<div class=\"elementor-column elementor-col-50 elementor-inner-column elementor-element elementor-element-29124f6\" data-id=\"29124f6\" data-element_type=\"column\">\n\t\t\t<div class=\"elementor-widget-wrap elementor-element-populated\">\n\t\t\t\t\t\t<div class=\"elementor-element elementor-element-5d876da elementor-widget elementor-widget-image\" data-id=\"5d876da\" data-element_type=\"widget\" data-widget_type=\"image.default\">\n\t\t\t\t<div class=\"elementor-widget-container\">\n\t\t\t\t\t\t\t\t\t\t\t\t\t\t\t<img loading=\"lazy\" decoding=\"async\" width=\"750\" height=\"500\" src=\"https:\/\/veynes.fr\/wp-content\/uploads\/2021\/04\/Christian-Gilardeau-Truffinet-1024x682.jpg\" class=\"attachment-large size-large wp-image-1051\" alt=\"\" srcset=\"https:\/\/veynes.fr\/wp-content\/uploads\/2021\/04\/Christian-Gilardeau-Truffinet-1024x682.jpg 1024w, https:\/\/veynes.fr\/wp-content\/uploads\/2021\/04\/Christian-Gilardeau-Truffinet-300x200.jpg 300w, https:\/\/veynes.fr\/wp-content\/uploads\/2021\/04\/Christian-Gilardeau-Truffinet-768x512.jpg 768w, https:\/\/veynes.fr\/wp-content\/uploads\/2021\/04\/Christian-Gilardeau-Truffinet-1536x1023.jpg 1536w, https:\/\/veynes.fr\/wp-content\/uploads\/2021\/04\/Christian-Gilardeau-Truffinet.jpg 1732w\" sizes=\"(max-width: 750px) 100vw, 750px\" \/>\t\t\t\t\t\t\t\t\t\t\t\t\t\t\t<\/div>\n\t\t\t\t<\/div>\n\t\t\t\t\t<\/div>\n\t\t<\/div>\n\t\t\t\t<div class=\"elementor-column elementor-col-50 elementor-inner-column elementor-element elementor-element-ead8758\" data-id=\"ead8758\" data-element_type=\"column\">\n\t\t\t<div class=\"elementor-widget-wrap elementor-element-populated\">\n\t\t\t\t\t\t<div class=\"elementor-element elementor-element-2493133 elementor-widget elementor-widget-heading\" data-id=\"2493133\" data-element_type=\"widget\" data-widget_type=\"heading.default\">\n\t\t\t\t<div class=\"elementor-widget-container\">\n\t\t\t\t\t<h2 class=\"elementor-heading-title elementor-size-default\">Le mot du maire<\/h2>\t\t\t\t<\/div>\n\t\t\t\t<\/div>\n\t\t\t\t<div class=\"elementor-element elementor-element-2e17b68 elementor-widget elementor-widget-text-editor\" data-id=\"2e17b68\" data-element_type=\"widget\" data-widget_type=\"text-editor.default\">\n\t\t\t\t<div class=\"elementor-widget-container\">\n\t\t\t\t\t\t\t\t\t<p>&#8220;C&#8217;est avec un immense plaisir que nous vous accueillons sur le site internet de la commune de Veynes. Nous souhaitons mettre \u00e0 votre disposition un outil de communication vivant et interactif. Notre objectif est d&#8217;am\u00e9liorer sans cesse sa consultation pour encore plus de convivialit\u00e9. Il viendra compl\u00e9ter l&#8217;information dispens\u00e9e \u00e0 travers le bulletin Municipal.<\/p>\t\t\t\t\t\t\t\t<\/div>\n\t\t\t\t<\/div>\n\t\t\t\t\t<\/div>\n\t\t<\/div>\n\t\t\t\t\t<\/div>\n\t\t<\/section>\n\t\t\t\t<div class=\"elementor-element elementor-element-09a4eff elementor-widget elementor-widget-text-editor\" data-id=\"09a4eff\" data-element_type=\"widget\" data-widget_type=\"text-editor.default\">\n\t\t\t\t<div class=\"elementor-widget-container\">\n\t\t\t\t\t\t\t\t\t<p>Vous pouvez d\u00e8s maintenant d\u00e9couvrir, ou red\u00e9couvrir les charmes de notre commune, son patrimoine, son histoire, ses atouts \u00e9conomiques et ses nombreuses associations culturelles et sportives. Faites connaissance au fil des pages de vos \u00e9lus et de leurs actions, chaque jour \u00e0 vos c\u00f4t\u00e9s pour am\u00e9liorer votre cadre de vie. Mais la vocation premi\u00e8re de notre site est d&#8217;\u00eatre \u00e0 votre service, vous trouverez une foule d&#8217;informations concernant vos d\u00e9marches administratives, la vie associative ou tout simplement votre quotidien. Bonne visite.&#8221;\u00a0 \u00a0<\/p><p>\u00a0 \u00a0 \u00a0 \u00a0 \u00a0 \u00a0 \u00a0 \u00a0 \u00a0 \u00a0 \u00a0 \u00a0 \u00a0 \u00a0 \u00a0\u00a0 Christian Gilardeau-Truffinet<\/p>\t\t\t\t\t\t\t\t<\/div>\n\t\t\t\t<\/div>\n\t\t\t\t<div class=\"elementor-element elementor-element-f8628f6 elementor-widget-divider--view-line elementor-invisible elementor-widget elementor-widget-divider\" data-id=\"f8628f6\" data-element_type=\"widget\" data-settings=\"{&quot;_animation&quot;:&quot;fadeInDown&quot;}\" data-widget_type=\"divider.default\">\n\t\t\t\t<div class=\"elementor-widget-container\">\n\t\t\t\t\t\t\t<div class=\"elementor-divider\">\n\t\t\t<span class=\"elementor-divider-separator\">\n\t\t\t\t\t\t<\/span>\n\t\t<\/div>\n\t\t\t\t\t\t<\/div>\n\t\t\t\t<\/div>\n\t\t\t\t\t<\/div>\n\t\t<\/div>\n\t\t\t\t\t<\/div>\n\t\t<\/section>\n\t\t\t\t<section class=\"elementor-section elementor-top-section elementor-element elementor-element-c868c2f elementor-section-boxed elementor-section-height-default elementor-section-height-default\" data-id=\"c868c2f\" data-element_type=\"section\">\n\t\t\t\t\t\t<div class=\"elementor-container elementor-column-gap-default\">\n\t\t\t\t\t<div class=\"elementor-column elementor-col-100 elementor-top-column elementor-element elementor-element-581ddf8\" data-id=\"581ddf8\" data-element_type=\"column\">\n\t\t\t<div class=\"elementor-widget-wrap elementor-element-populated\">\n\t\t\t\t\t\t<div class=\"elementor-element elementor-element-dfd4de6 elementor-widget elementor-widget-google_maps\" data-id=\"dfd4de6\" data-element_type=\"widget\" data-widget_type=\"google_maps.default\">\n\t\t\t\t<div class=\"elementor-widget-container\">\n\t\t\t\t\t\t\t<div class=\"elementor-custom-embed\">\n\t\t\t<iframe loading=\"lazy\"\n\t\t\t\t\tsrc=\"https:\/\/maps.google.com\/maps?q=veynes&#038;t=m&#038;z=10&#038;output=embed&#038;iwloc=near\"\n\t\t\t\t\ttitle=\"veynes\"\n\t\t\t\t\taria-label=\"veynes\"\n\t\t\t><\/iframe>\n\t\t<\/div>\n\t\t\t\t\t\t<\/div>\n\t\t\t\t<\/div>\n\t\t\t\t\t<\/div>\n\t\t<\/div>\n\t\t\t\t\t<\/div>\n\t\t<\/section>\n\t\t\t\t<section class=\"elementor-section elementor-top-section elementor-element elementor-element-cc4de53 elementor-section-boxed elementor-section-height-default elementor-section-height-default\" data-id=\"cc4de53\" data-element_type=\"section\">\n\t\t\t\t\t\t<div class=\"elementor-container elementor-column-gap-default\">\n\t\t\t\t\t<div class=\"elementor-column elementor-col-100 elementor-top-column elementor-element elementor-element-c41dfd5\" data-id=\"c41dfd5\" data-element_type=\"column\">\n\t\t\t<div class=\"elementor-widget-wrap elementor-element-populated\">\n\t\t\t\t\t\t<div class=\"elementor-element elementor-element-d4b6824 elementor-align-center elementor-widget elementor-widget-button\" data-id=\"d4b6824\" data-element_type=\"widget\" data-widget_type=\"button.default\">\n\t\t\t\t<div class=\"elementor-widget-container\">\n\t\t\t\t\t\t\t\t\t<div class=\"elementor-button-wrapper\">\n\t\t\t\t\t<a class=\"elementor-button elementor-button-link elementor-size-xl\" href=\"https:\/\/veynes.fr\/?page_id=667\">\n\t\t\t\t\t\t<span class=\"elementor-button-content-wrapper\">\n\t\t\t\t\t\t\t\t\t<span class=\"elementor-button-text\">Poursuivre la visite<\/span>\n\t\t\t\t\t<\/span>\n\t\t\t\t\t<\/a>\n\t\t\t\t<\/div>\n\t\t\t\t\t\t\t\t<\/div>\n\t\t\t\t<\/div>\n\t\t\t\t\t<\/div>\n\t\t<\/div>\n\t\t\t\t\t<\/div>\n\t\t<\/section>\n\t\t\t\t<section class=\"elementor-section elementor-top-section elementor-element elementor-element-63f8d59 elementor-section-boxed elementor-section-height-default elementor-section-height-default\" data-id=\"63f8d59\" data-element_type=\"section\">\n\t\t\t\t\t\t<div class=\"elementor-container elementor-column-gap-default\">\n\t\t\t\t\t<div class=\"elementor-column elementor-col-100 elementor-top-column elementor-element elementor-element-3dc10a1\" data-id=\"3dc10a1\" data-element_type=\"column\">\n\t\t\t<div class=\"elementor-widget-wrap elementor-element-populated\">\n\t\t\t\t\t\t<div class=\"elementor-element elementor-element-c07edce elementor-pagination-position-inside elementor-arrows-position-inside elementor-widget elementor-widget-image-carousel\" data-id=\"c07edce\" data-element_type=\"widget\" data-settings=\"{&quot;slides_to_show&quot;:&quot;1&quot;,&quot;navigation&quot;:&quot;both&quot;,&quot;autoplay&quot;:&quot;yes&quot;,&quot;pause_on_hover&quot;:&quot;yes&quot;,&quot;pause_on_interaction&quot;:&quot;yes&quot;,&quot;autoplay_speed&quot;:5000,&quot;infinite&quot;:&quot;yes&quot;,&quot;effect&quot;:&quot;slide&quot;,&quot;speed&quot;:500}\" data-widget_type=\"image-carousel.default\">\n\t\t\t\t<div class=\"elementor-widget-container\">\n\t\t\t\t\t\t\t<div class=\"elementor-image-carousel-wrapper swiper\" role=\"region\" aria-roledescription=\"carousel\" aria-label=\"Carrousel d\u2019images\" dir=\"ltr\">\n\t\t\t<div class=\"elementor-image-carousel swiper-wrapper\" aria-live=\"off\">\n\t\t\t\t\t\t\t\t<div class=\"swiper-slide\" role=\"group\" aria-roledescription=\"slide\" aria-label=\"1 sur 10\"><figure class=\"swiper-slide-inner\"><img decoding=\"async\" class=\"swiper-slide-image\" src=\"https:\/\/veynes.fr\/wp-content\/uploads\/2021\/04\/38042575-0C52-4D23-BE0C-E0764EBF6EB5-768x576.jpeg\" alt=\"38042575-0C52-4D23-BE0C-E0764EBF6EB5\" \/><\/figure><\/div><div class=\"swiper-slide\" role=\"group\" aria-roledescription=\"slide\" aria-label=\"2 sur 10\"><figure class=\"swiper-slide-inner\"><img decoding=\"async\" class=\"swiper-slide-image\" src=\"https:\/\/veynes.fr\/wp-content\/uploads\/2021\/04\/3D117248-1189-4C1E-A419-F437BD3FDC79-768x576.jpeg\" alt=\"3D117248-1189-4C1E-A419-F437BD3FDC79\" \/><\/figure><\/div><div class=\"swiper-slide\" role=\"group\" aria-roledescription=\"slide\" aria-label=\"3 sur 10\"><figure class=\"swiper-slide-inner\"><img decoding=\"async\" class=\"swiper-slide-image\" src=\"https:\/\/veynes.fr\/wp-content\/uploads\/2021\/04\/E26D9175-493E-445F-8E89-588CAACD5BEE-768x516.jpeg\" alt=\"E26D9175-493E-445F-8E89-588CAACD5BEE\" \/><\/figure><\/div><div class=\"swiper-slide\" role=\"group\" aria-roledescription=\"slide\" aria-label=\"4 sur 10\"><figure class=\"swiper-slide-inner\"><img decoding=\"async\" class=\"swiper-slide-image\" src=\"https:\/\/veynes.fr\/wp-content\/uploads\/2021\/04\/53676FCA-7CA0-4E55-8FD2-1C95519A3998-768x471.jpeg\" alt=\"53676FCA-7CA0-4E55-8FD2-1C95519A3998\" \/><\/figure><\/div><div class=\"swiper-slide\" role=\"group\" aria-roledescription=\"slide\" aria-label=\"5 sur 10\"><figure class=\"swiper-slide-inner\"><img decoding=\"async\" class=\"swiper-slide-image\" src=\"https:\/\/veynes.fr\/wp-content\/uploads\/2021\/03\/2-1.bmp\" alt=\"2\" \/><\/figure><\/div><div class=\"swiper-slide\" role=\"group\" aria-roledescription=\"slide\" aria-label=\"6 sur 10\"><figure class=\"swiper-slide-inner\"><img decoding=\"async\" class=\"swiper-slide-image\" src=\"https:\/\/veynes.fr\/wp-content\/uploads\/2021\/04\/BE627FDD-A09F-4FC5-AEFE-5C888FAB4113-768x576.jpeg\" alt=\"BE627FDD-A09F-4FC5-AEFE-5C888FAB4113\" \/><\/figure><\/div><div class=\"swiper-slide\" role=\"group\" aria-roledescription=\"slide\" aria-label=\"7 sur 10\"><figure class=\"swiper-slide-inner\"><img decoding=\"async\" class=\"swiper-slide-image\" src=\"https:\/\/veynes.fr\/wp-content\/uploads\/2021\/03\/83A2A73F-40B7-46D7-80D1-C3C17BF351B9.jpeg\" alt=\"83A2A73F-40B7-46D7-80D1-C3C17BF351B9\" \/><\/figure><\/div><div class=\"swiper-slide\" role=\"group\" aria-roledescription=\"slide\" aria-label=\"8 sur 10\"><figure class=\"swiper-slide-inner\"><img decoding=\"async\" class=\"swiper-slide-image\" src=\"https:\/\/veynes.fr\/wp-content\/uploads\/2021\/03\/clocher2-768x431.jpg\" alt=\"clocher2\" \/><\/figure><\/div><div class=\"swiper-slide\" role=\"group\" aria-roledescription=\"slide\" aria-label=\"9 sur 10\"><figure class=\"swiper-slide-inner\"><img decoding=\"async\" class=\"swiper-slide-image\" src=\"https:\/\/veynes.fr\/wp-content\/uploads\/2021\/04\/F7201EB9-F135-4CD4-9816-6A333B572BC8-768x709.jpeg\" alt=\"F7201EB9-F135-4CD4-9816-6A333B572BC8\" \/><\/figure><\/div><div class=\"swiper-slide\" role=\"group\" aria-roledescription=\"slide\" aria-label=\"10 sur 10\"><figure class=\"swiper-slide-inner\"><img decoding=\"async\" class=\"swiper-slide-image\" src=\"https:\/\/veynes.fr\/wp-content\/uploads\/2021\/04\/9B606A66-FA35-432C-90EC-231D3160719E-768x432.png\" alt=\"9B606A66-FA35-432C-90EC-231D3160719E\" \/><\/figure><\/div>\t\t\t<\/div>\n\t\t\t\t\t\t\t\t\t\t\t\t<div class=\"elementor-swiper-button elementor-swiper-button-prev\" role=\"button\" tabindex=\"0\">\n\t\t\t\t\t\t<i aria-hidden=\"true\" class=\"eicon-chevron-left\"><\/i>\t\t\t\t\t<\/div>\n\t\t\t\t\t<div class=\"elementor-swiper-button elementor-swiper-button-next\" role=\"button\" tabindex=\"0\">\n\t\t\t\t\t\t<i aria-hidden=\"true\" class=\"eicon-chevron-right\"><\/i>\t\t\t\t\t<\/div>\n\t\t\t\t\n\t\t\t\t\t\t\t\t\t<div class=\"swiper-pagination\"><\/div>\n\t\t\t\t\t\t\t\t\t<\/div>\n\t\t\t\t\t\t<\/div>\n\t\t\t\t<\/div>\n\t\t\t\t\t<\/div>\n\t\t<\/div>\n\t\t\t\t\t<\/div>\n\t\t<\/section>\n\t\t\t\t<\/div>\n\t\t","protected":false},"excerpt":{"rendered":"<p>Le mot du maire &#8220;C&#8217;est avec un immense plaisir que nous vous accueillons sur le site internet de la commune&hellip;<\/p>\n","protected":false},"author":6,"featured_media":0,"parent":0,"menu_order":1,"comment_status":"closed","ping_status":"closed","template":"","meta":{"footnotes":""},"class_list":["post-1234","page","type-page","status-publish","hentry"],"_links":{"self":[{"href":"https:\/\/veynes.fr\/index.php?rest_route=\/wp\/v2\/pages\/1234","targetHints":{"allow":["GET"]}}],"collection":[{"href":"https:\/\/veynes.fr\/index.php?rest_route=\/wp\/v2\/pages"}],"about":[{"href":"https:\/\/veynes.fr\/index.php?rest_route=\/wp\/v2\/types\/page"}],"author":[{"embeddable":true,"href":"https:\/\/veynes.fr\/index.php?rest_route=\/wp\/v2\/users\/6"}],"replies":[{"embeddable":true,"href":"https:\/\/veynes.fr\/index.php?rest_route=%2Fwp%2Fv2%2Fcomments&post=1234"}],"version-history":[{"count":128,"href":"https:\/\/veynes.fr\/index.php?rest_route=\/wp\/v2\/pages\/1234\/revisions"}],"predecessor-version":[{"id":9630,"href":"https:\/\/veynes.fr\/index.php?rest_route=\/wp\/v2\/pages\/1234\/revisions\/9630"}],"wp:attachment":[{"href":"https:\/\/veynes.fr\/index.php?rest_route=%2Fwp%2Fv2%2Fmedia&parent=1234"}],"curies":[{"name":"wp","href":"https:\/\/api.w.org\/{rel}","templated":true}]}}